t is the greatest common factor of 637708573 and 6103?
6103
Calculate the highest common factor of 539056 and 34692.
28
What is the highest common factor of 550130 and 555?
5
Calculate the highest common factor of 1358 and 6808236.
194
What is the greatest common factor of 662764 and 12?
4
Calculate the highest common factor of 52552156 and 2.
2
What is the highest common factor of 925049 and 28757?
193
What is the highest common factor of 515 and 195679709?
103
Calculate the highest common factor of 583560 and 101160.
360
What is the greatest common factor of 12880415 and 1675?
335
Calculate the highest common factor of 206730 and 24480.
90
What is the highest common divisor of 372 and 10014178?
62
Calculate the highest common divisor of 9108 and 527436.
828
Calculate the highest common factor of 137643 and 32901.
33
What is the greatest common factor of 24 and 3959724?
12
What is the highest common factor of 3087936 and 224?
32
Calculate the greatest common factor of 4529096 and 3663.
407
Calculate the highest common divisor of 1437416 and 1096.
8
Calculate the highest common divisor of 1669366 and 2006.
34
Calculate the greatest common factor of 1402596 and 24087.
111
What is the greatest common factor of 8405430 and 26565?
165
Calculate the greatest common factor of 4600 and 793109.
23
Calculate the highest common factor of 425 and 856471135.
85
What is the highest common factor of 22436738 and 4?
2
Calculate the highest common divisor of 5481 and 983241.
63
Calculate the greatest common factor of 66335240 and 688.
344
What is the highest common divisor of 13 and 104294?
1
What is the highest common factor of 2102583 and 38409?
1239
What is the greatest common divisor of 861698 and 5886656?
9682
What is the greatest common factor of 233 and 51690817?
233
What is the greatest common divisor of 3680 and 5646730?
230
Calculate the highest common divisor of 3080265375 and 825.
825
What is the greatest common divisor of 104496 and 6664?
56
What is the highest common divisor of 110288460 and 60?
60
Calculate the greatest common factor of 74298721 and 2023.
2023
What is the greatest common factor of 26010125 and 5?
5
Calculate the greatest common factor of 14241 and 17168889.
303
Calculate the highest common divisor of 34199 and 63932.
11
Calculate the highest common divisor of 222731368 and 232.
232
What is the highest common factor of 477 and 27927979?
53
Calculate the greatest common divisor of 413700 and 53004.
84
What is the greatest common divisor of 1714559 and 7546?
539
What is the greatest common factor of 716971 and 4688?
293
What is the highest common divisor of 28722628 and 220?
44
What is the greatest common divisor of 86337270 and 86070?
4530
What is the highest common factor of 325 and 2085317?
13
What is the greatest common divisor of 11235810 and 14960?
170
Calculate the highest common factor of 36085 and 18781.
7
Calculate the highest common divisor of 874796299 and 11037.
3679
What is the greatest common factor of 3960 and 56997?
9
Calculate the greatest common factor of 11905202 and 5357.
487
What is the highest common factor of 48522 and 47556?
6
Calculate the greatest common divisor of 7922 and 161806.
34
What is the greatest common factor of 88820 and 9260?
20
What is the greatest common divisor of 9965332 and 30498?
442
Calculate the greatest common factor of 850 and 1452157.
17
Calculate the greatest common divisor of 990 and 70921125.
495
Calculate the highest common divisor of 9237367 and 20845.
379
What is the highest common factor of 357 and 1105493?
17
Calculate the highest common factor of 91691170 and 13120.
410
What is the highest common factor of 50270407 and 11?
11
What is the greatest common factor of 1090188 and 6204?
132
Calculate the highest common divisor of 51952 and 238544.
272
What is the greatest common divisor of 121610 and 1172?
2
Calculate the highest common factor of 96750 and 143250.
750
What is the highest common divisor of 83 and 24403079?
83
Calculate the highest common divisor of 80602 and 12988.
382
Calculate the greatest common divisor of 419 and 383741569.
419
What is the highest common factor of 115709 and 51967?
157
What is the greatest common divisor of 1547 and 7412?
17
What is the highest common divisor of 11802 and 50131524?
1686
Calculate the greatest common factor of 359259219 and 729.
729
What is the greatest common factor of 87494 and 1877062?
902
Calculate the highest common divisor of 37 and 12816763.
37
Calculate the greatest common divisor of 44 and 42022948.
44
What is the greatest common factor of 390220 and 71068?
436
Calculate the highest common divisor of 1705 and 586685.
55
What is the greatest common divisor of 260 and 6535022?
26
Calculate the greatest common factor of 44506 and 166243.
1309
Calculate the highest common factor of 74593116 and 4212.
1404
Calculate the greatest common factor of 2118132 and 25308.
36
What is the greatest common factor of 765378 and 640037?
101
What is the highest common divisor of 2225 and 46842035?
445
Calculate the greatest common divisor of 89110 and 52783710.
1330
Calculate the greatest common divisor of 15372 and 224658.
126
Calculate the highest common factor of 857 and 1099703257.
857
What is the greatest common factor of 66 and 7902400?
22
Calculate the highest common factor of 17 and 31653133.
17
Calculate the greatest common factor of 28889669 and 9171.
1019
Calculate the greatest common divisor of 3277 and 11362150.
113
What is the highest common factor of 1848064 and 2304?
256
What is the highest common factor of 532 and 889044086?
266
What is the highest common factor of 204 and 50950734?
102
What is the highest common divisor of 5936 and 501065180?
1484
Calculate the highest common factor of 9307 and 701387.
41
What is the highest common factor of 1530 and 15146235?
765
What is the highest common factor of 63798003 and 5427?
1809
What is the greatest common factor of 86154 and 12450?
498
What is the greatest common factor of 4641 and 65168922?
4641
What is the highest common factor of 65753 and 3?
1
What is the greatest common factor of 264 and 50707016?
8
Calculate the greatest common factor of 1173786 and 14442.
498
What is the greatest common factor of 33512 and 18645239?
4189
Calculate the highest common divisor of 542 and 20516326.
542
What is the greatest common divisor of 3420 and 12498390?
1710
Calculate the highest common divisor of 60 and 158663280.
60
What is the greatest common factor of 1682084 and 4?
4
Calculate the highest common factor of 241374 and 181398.
294
Calculate the greatest common divisor of 10236 and 100404.
12
Calculate the highest common factor of 574462914 and 522.
174
Calculate the greatest common divisor of 9873 and 1512763.
1097
What is the greatest common factor of 2015 and 78955760?
2015
Calculate the highest common divisor of 240 and 32705808.
48
What is the greatest common factor of 734058 and 402246?
234
What is the highest common divisor of 42874178 and 386?
386
Calculate the highest common factor of 8836730 and 10906.
574
What is the greatest common divisor of 298 and 2746719193?
149
Calculate the greatest common divisor of 21 and 2678471166.
21
What is the highest common factor of 167913681 and 65?
13
What is the highest common factor of 165899 and 25139?
23
What is the greatest common factor of 5244 and 562815796?
1748
Calculate the highest common divisor of 51568 and 16346.
22
What is the greatest common factor of 185961688 and 3480?
232
Calculate the greatest common divisor of 245 and 77860265.
245
What is the greatest common factor of 31477149 and 27?
9
Calculate the greatest common divisor of 299737698 and 12090.
2418
Calculate the highest common divisor of 523954 and 212.
2
What is the greatest common factor of 7491 and 1262019?
33
Calculate the highest common divisor of 1380404 and 3.
1
What is the highest common factor of 217827050 and 2646?
98
What is the greatest common divisor of 2032142 and 4718?
14
What is the highest common divisor of 1456 and 20774572?
364
What is the highest common divisor of 7136752 and 5072?
16
Calculate the highest common divisor of 402992 and 34888.
712
What is the highest common factor of 208 and 4938375?
13
Calculate the greatest common divis